{"id":52,"date":"2024-01-31T14:23:26","date_gmt":"2024-01-31T14:23:26","guid":{"rendered":"https:\/\/amtoolsconsulting.com\/?page_id=52"},"modified":"2024-02-13T21:10:35","modified_gmt":"2024-02-13T21:10:35","slug":"nosotros","status":"publish","type":"page","link":"https:\/\/amtoolsconsulting.com\/index.php\/nosotros\/","title":{"rendered":"Qui\u00e9nes Somos"},"content":{"rendered":"\t\t<div data-elementor-type=\"wp-page\" data-elementor-id=\"52\" class=\"elementor elementor-52\" data-elementor-post-type=\"page\">\n\t\t\t\t<div class=\"elementor-element elementor-element-7ccb134 e-con-full e-flex e-con e-parent\" data-id=\"7ccb134\" data-element_type=\"container\" data-e-type=\"container\" data-settings=\"{&quot;background_background&quot;:&quot;classic&quot;}\">\n\t\t<div class=\"elementor-element elementor-element-761495f1 e-con-full e-flex e-con e-child\" data-id=\"761495f1\" data-element_type=\"container\" data-e-type=\"container\" data-settings=\"{&quot;background_background&quot;:&quot;classic&quot;}\">\n\t\t\t\t<div class=\"elementor-element elementor-element-c4be109 elementor-widget elementor-widget-heading\" data-id=\"c4be109\" data-element_type=\"widget\" data-e-type=\"widget\" data-widget_type=\"heading.default\">\n\t\t\t\t<div class=\"elementor-widget-container\">\n\t\t\t\t\t<h2 class=\"elementor-heading-title elementor-size-default\">Qui\u00e9nes Somos<\/h2>\t\t\t\t<\/div>\n\t\t\t\t<\/div>\n\t\t\t\t<div class=\"elementor-element elementor-element-3be2cf56 elementor-widget elementor-widget-image-box\" data-id=\"3be2cf56\" data-element_type=\"widget\" data-e-type=\"widget\" data-widget_type=\"image-box.default\">\n\t\t\t\t<div class=\"elementor-widget-container\">\n\t\t\t\t\t<div class=\"elementor-image-box-wrapper\"><div class=\"elementor-image-box-content\"><p class=\"elementor-image-box-description\">Somos AM Tools Consulting, un conjunto de profesionales con conocimiento en diversas especialidades y \u00e1reas de la tecnolog\u00eda, donde principalmente buscamos apoyar a las compa\u00f1\u00edas a avanzar y continuar con su jornada de evoluci\u00f3n, haciendo m\u00e1s sencillo e intuitivo su d\u00eda a d\u00eda por medio de la aplicaci\u00f3n de soluciones especialistas en gesti\u00f3n de diversas \u00e1reas, siempre teniendo como premisa ser un Trust Advisor para las empresas, acompa\u00f1ando los proyectos con transparencia y confiabilidad, con los pilares del conocimiento, la confianza y la tecnolog\u00eda.<\/p><\/div><\/div>\t\t\t\t<\/div>\n\t\t\t\t<\/div>\n\t\t\t\t<div class=\"elementor-element elementor-element-673c88e elementor-widget elementor-widget-image-box\" data-id=\"673c88e\" data-element_type=\"widget\" data-e-type=\"widget\" data-widget_type=\"image-box.default\">\n\t\t\t\t<div class=\"elementor-widget-container\">\n\t\t\t\t\t<div class=\"elementor-image-box-wrapper\"><div class=\"elementor-image-box-content\"><h4 class=\"elementor-image-box-title\">Nuestra Misi\u00f3n<\/h4><p class=\"elementor-image-box-description\">Apoyar a las compa\u00f1\u00edas en su camino hacia la transformaci\u00f3n tecnol\u00f3gica,  con conocimiento y tecnolog\u00eda de vanguardia en sus procesos de gesti\u00f3n,  haciendo m\u00e1s eficiente y confiable su operaci\u00f3n de d\u00eda con d\u00eda.<\/p><\/div><\/div>\t\t\t\t<\/div>\n\t\t\t\t<\/div>\n\t\t\t\t<div class=\"elementor-element elementor-element-2f83b2a4 elementor-widget elementor-widget-image-box\" data-id=\"2f83b2a4\" data-element_type=\"widget\" data-e-type=\"widget\" data-widget_type=\"image-box.default\">\n\t\t\t\t<div class=\"elementor-widget-container\">\n\t\t\t\t\t<div class=\"elementor-image-box-wrapper\"><div class=\"elementor-image-box-content\"><h4 class=\"elementor-image-box-title\">Nuestra Visi\u00f3n<\/h4><p class=\"elementor-image-box-description\">Ser una empresa referente en el \u00e1mbito tecnol\u00f3gico de la regi\u00f3n, reconocida  principalmente por ser un aliado tecnol\u00f3gico de confianza para las empresas que cuenten con nuestros servicios. <\/p><\/div><\/div>\t\t\t\t<\/div>\n\t\t\t\t<\/div>\n\t\t\t\t<\/div>\n\t\t<div class=\"elementor-element elementor-element-7c60d0d1 e-con-full e-flex e-con e-child\" data-id=\"7c60d0d1\" data-element_type=\"container\" data-e-type=\"container\" data-settings=\"{&quot;background_slideshow_gallery&quot;:[{&quot;id&quot;:63,&quot;url&quot;:&quot;https:\\\/\\\/amtoolsconsulting.com\\\/wp-content\\\/uploads\\\/2024\\\/01\\\/piezas-AM-Tools-3.png&quot;}],&quot;background_background&quot;:&quot;slideshow&quot;,&quot;background_slideshow_loop&quot;:&quot;yes&quot;,&quot;background_slideshow_slide_duration&quot;:5000,&quot;background_slideshow_slide_transition&quot;:&quot;fade&quot;,&quot;background_slideshow_transition_duration&quot;:500}\">\n\t\t\t\t<\/div>\n\t\t\t\t<\/div>\n\t\t\t\t<\/div>\n\t\t","protected":false},"excerpt":{"rendered":"<p>Qui\u00e9nes Somos Somos AM Tools Consulting, un conjunto de profesionales con conocimiento en diversas especialidades y \u00e1reas de la tecnolog\u00eda, donde principalmente buscamos apoyar a las compa\u00f1\u00edas a avanzar y continuar con su jornada de evoluci\u00f3n, haciendo m\u00e1s sencillo e intuitivo su d\u00eda a d\u00eda por medio de la aplicaci\u00f3n de soluciones especialistas en gesti\u00f3n [&hellip;]<\/p>\n","protected":false},"author":1,"featured_media":0,"parent":0,"menu_order":0,"comment_status":"closed","ping_status":"closed","template":"","meta":{"_joinchat":[],"footnotes":""},"class_list":["post-52","page","type-page","status-publish","hentry"],"_links":{"self":[{"href":"https:\/\/amtoolsconsulting.com\/index.php\/wp-json\/wp\/v2\/pages\/52","targetHints":{"allow":["GET"]}}],"collection":[{"href":"https:\/\/amtoolsconsulting.com\/index.php\/wp-json\/wp\/v2\/pages"}],"about":[{"href":"https:\/\/amtoolsconsulting.com\/index.php\/wp-json\/wp\/v2\/types\/page"}],"author":[{"embeddable":true,"href":"https:\/\/amtoolsconsulting.com\/index.php\/wp-json\/wp\/v2\/users\/1"}],"replies":[{"embeddable":true,"href":"https:\/\/amtoolsconsulting.com\/index.php\/wp-json\/wp\/v2\/comments?post=52"}],"version-history":[{"count":0,"href":"https:\/\/amtoolsconsulting.com\/index.php\/wp-json\/wp\/v2\/pages\/52\/revisions"}],"wp:attachment":[{"href":"https:\/\/amtoolsconsulting.com\/index.php\/wp-json\/wp\/v2\/media?parent=52"}],"curies":[{"name":"wp","href":"https:\/\/api.w.org\/{rel}","templated":true}]}}